vided by 86?
76
Calculate the remainder when 3475 is divided by 19.
17
What is the remainder when 365 is divided by 25?
15
What is the remainder when 143 is divided by 9?
8
What is the remainder when 635 is divided by 106?
105
What is the remainder when 670 is divided by 84?
82
Calculate the remainder when 48 is divided by 25.
23
What is the remainder when 328 is divided by 14?
6
What is the remainder when 1539 is divided by 10?
9
Calculate the remainder when 146 is divided by 119.
27
What is the remainder when 5326 is divided by 378?
34
What is the remainder when 116 is divided by 38?
2
What is the remainder when 1545 is divided by 83?
51
What is the remainder when 1227 is divided by 9?
3
Calculate the remainder when 222 is divided by 32.
30
Calculate the remainder when 361 is divided by 91.
88
Calculate the remainder when 1397 is divided by 14.
11
Calculate the remainder when 491 is divided by 82.
81
Calculate the remainder when 1713 is divided by 49.
47
What is the remainder when 391 is divided by 14?
13
What is the remainder when 29271 is divided by 51?
48
What is the remainder when 71 is divided by 4?
3
Calculate the remainder when 11158 is divided by 31.
29
What is the remainder when 158 is divided by 81?
77
Calculate the remainder when 32 is divided by 12.
8
What is the remainder when 977 is divided by 35?
32
What is the remainder when 155 is divided by 12?
11
Calculate the remainder when 788 is divided by 18.
14
What is the remainder when 449 is divided by 118?
95
Calculate the remainder when 429 is divided by 27.
24
Calculate the remainder when 215 is divided by 7.
5
Calculate the remainder when 668 is divided by 219.
11
Calculate the remainder when 413 is divided by 13.
10
Calculate the remainder when 1169 is divided by 90.
89
What is the remainder when 2141 is divided by 306?
305
Calculate the remainder when 229 is divided by 59.
52
What is the remainder when 144 is divided by 62?
20
What is the remainder when 6916 is divided by 23?
16
What is the remainder when 22299 is divided by 10?
9
Calculate the remainder when 234 is divided by 87.
60
Calculate the remainder when 120 is divided by 11.
10
Calculate the remainder when 5032 is divided by 90.
82
What is the remainder when 31 is divided by 13?
5
What is the remainder when 4756 is divided by 13?
11
What is the remainder when 1094 is divided by 5?
4
Calculate the remainder when 308 is divided by 82.
62
What is the remainder when 329 is divided by 72?
41
Calculate the remainder when 1590 is divided by 20.
10
Calculate the remainder when 163 is divided by 55.
53
What is the remainder when 1566 is divided by 60?
6
Calculate the remainder when 125 is divided by 78.
47
Calculate the remainder when 455 is divided by 74.
11
Calculate the remainder when 300 is divided by 97.
9
What is the remainder when 202 is divided by 51?
49
What is the remainder when 242 is divided by 58?
10
What is the remainder when 256 is divided by 88?
80
What is the remainder when 336 is divided by 68?
64
What is the remainder when 56 is divided by 12?
8
What is the remainder when 2938 is divided by 31?
24
Calculate the remainder when 596 is divided by 10.
6
Calculate the remainder when 439 is divided by 21.
19
What is the remainder when 10358 is divided by 22?
18
What is the remainder when 499 is divided by 50?
49
What is the remainder when 2469 is divided by 95?
94
What is the remainder when 292 is divided by 61?
48
What is the remainder when 291 is divided by 78?
57
What is the remainder when 129 is divided by 61?
7
What is the remainder when 1514 is divided by 257?
229
Calculate the remainder when 1296 is divided by 1271.
25
What is the remainder when 61 is divided by 40?
21
What is the remainder when 9269 is divided by 61?
58
What is the remainder when 79 is divided by 14?
9
Calculate the remainder when 379 is divided by 59.
25
Calculate the remainder when 304 is divided by 18.
16
Calculate the remainder when 383 is divided by 51.
26
Calculate the remainder when 180 is divided by 51.
27
What is the remainder when 183 is divided by 161?
22
What is the remainder when 1502 is divided by 5?
2
Calculate the remainder when 1970 is divided by 27.
26
Calculate the remainder when 1329 is divided by 38.
37
Calculate the remainder when 98 is divided by 30.
8
Calculate the remainder when 6502 is divided by 217.
209
Calculate the remainder when 1426 is divided by 26.
22
What is the remainder when 1728 is divided by 35?
13
Calculate the remainder when 163 is divided by 22.
9
Calculate the remainder when 314 is divided by 63.
62
Calculate the remainder when 800 is divided by 101.
93
Calculate the remainder when 789 is divided by 17.
7
What is the remainder when 16881 is divided by 12?
9
Calculate the remainder when 1040 is divided by 263.
251
Calculate the remainder when 52 is divided by 20.
12
What is the remainder when 124 is divided by 31?
0
Calculate the remainder when 119 is divided by 14.
7
Calculate the remainder when 2486 is divided by 30.
26
Calculate the remainder when 51868 is divided by 273.
271
Calculate the remainder when 263 is divided by 69.
56
What is the remainder when 273 is divided by 28?
21
Calculate the remainder when 586 is divided by 40.
26
What is the remainder when 179 is divided by 105?
74
What is the remainder when 1136 is divided by 228?
224
Calculate the remainder when 369 is divided by 53.
51
Calculate the remainder when 204 is divided by 86.
32
Calculate the remainder when 223 is divided by 31.
6
What is the remainder when 535 is divided by 176?
7
What is the remainder when 768 is divided by 282?
204
Calculate the remainder when 89 is divided by 30.
29
Calculate the remainder when 10451 is divided by 59.
8
What is the remainder when 271 is divided by 83?
22
Calculate the remainder when 1757 is divided by 580.
17
Calculate the remainder when 581 is divided by 173.
62
Calculate the remainder when 298 is divided by 76.
70
What is the remainder when 34 is divided by 14?
6
Calculate the remainder when 153 is divided by 136.
17
Calculate the remainder when 377 is divided by 367.
10
Calculate the remainder when 1580 is divided by 59.
46
What is the remainder when 286 is divided by 92?
10
Calculate the remainder when 453 is divided by 8.
5
Calculate the remainder when 157 is divided by 18.
13
What is the remainder when 2450 is divided by 164?
154
Calculate the remainder when 338 is divided by 34.
32
What is the remainder when 1032 is divided by 256?
8
Calculate the remainder when 1033 is divided by 16.
9
What is the remainder when 177 is divided by 51?
24
What is the remainder when 754 is divided by 740?
14
What is the remainder when 1935 is divided by 20?
15
What is the remainder when 83 is divided by 4?
3
Calculate the remainder when 350 is divided by 11.
9
Calculate the remainder when 643 is divided by 21.
13
What is the remainder when 1186 is divided by 132?
130
Calculate the remainder when 41 is divided by 29.
12
What is the remainder when 1040 is divided by 69?
5
What is the remainder when 1487 is divided by 34?
25
Calculate the remainder when 86 is divided by 30.
26
Calculate the remainder when 225 is divided by 7.
1
What is the remainder when 771 is divided by 202?
165
Calculate the remainder when 282 is divided by 73.
63
Calculate the remainder when 315 is divided by 16.
11
What is the remainder when 4729 is divided by 28?
25
What is the remainder when 115 is divided by 63?
52
